). Suppose b - 8503 = 10*c. Suppose -4*k = 5*y - c, -4*k - 2749 = -5*y + 3686. Is y composite?
False
Let d = 48 + -45. Let j be d*59/(-2)*(-36)/(-54). Let p = 432 + j. Is p prime?
True
Let s(p) = -13*p**3 - 102*p**2 - 111*p - 65. Let m(f) = 5*f**3 + 34*f**2 + 37*f + 22. Let v(o) = -8*m(o) - 3*s(o). Is v(17) a composite number?
True
Suppose -19 = x - 2*s, -2*x + 5*s - 13 = 23. Let t = x - -17. Is (14/t + 2)/(11/(-8283)) a composite number?
False
Suppose 4 = -h - h. Let f be (-655)/(-10)*(h + 14). Let t = 1195 - f. Is t a composite number?
False
Let x be (26/(-6))/((-2)/(-6)). Let n(k) = 5*k - 161. Let h be n(32). Is 0 + (-1847)/h + 0/x a composite number?
False
Is (-1018685)/(-14) + (-288)/1344 prime?
True
Let r be ((-3)/6)/((-4)/(30 - 6)). Is (-4 - -8 - -1048) + r a composite number?
True
Let t(r) = -1730*r**3 - 10*r**2 - 8*r + 25. Is t(-2) composite?
False
Suppose 33*s - 656283 = 447798. Is s prime?
True
Is (-20*(-18)/540)/(-3 - 3644709/(-1214901)) a composite number?
False
Let j(b) = b**3 + 2*b**2 + 3*b + 3251. Suppose -3*g = 18*g + 13*g. Is j(g) a prime number?
True
Suppose 0 = w - 5*d + 23 + 1, -2*w + 12 = 2*d. Is 2247 - (w + -1) - -6 prime?
False
Let w(f) = 1272*f**2 + 12*f - 1. Let s = -40 - -43. Is w(s) prime?
True
Suppose 3*r - 2 = 4. Suppose -r*u - 4906 = -4*u. Is u a composite number?
True
Let v be 62 + 2 + -2 + -2. Let f = 63 - v. Suppose 0 = -f*x - 4047 + 14358. Is x a composite number?
True
Let a(j) = -561*j + 7 + 8 + 3 + 5 + 98*j. Is a(-2) a prime number?
False
Let u(w) = 232*w**2 + 105*w - 50. Is u(-21) a composite number?
False
Let f = 38365 - 16180. Let z = -15259 + f. Suppose 6*c + 560 = z. Is c composite?
False
Suppose 0 = j + 10 - 24. Let p(r) = r - 20. Let l be p(j). Is 2/l - 980/(-15) a prime number?
False
Let c(p) = -12*p**2 - 87*p - 46. Let a(r) = -21*r**2 - 175*r - 92. Let h(n) = -3*a(n) + 5*c(n). Is h(41) a prime number?
True
Let m = 25957 + -9702. Is m composite?
True
Let g = -380600 - -828847. Is g a prime number?
False
Let m = -1 + 4. Suppose 0 = -2*t + m + 1. Suppose 2411 = 5*r - 4*u, 4*u = t*r - 0*r - 974. Is r a composite number?
False
Let f(n) = 5*n**2 + 5*n - 29. Let i be 172/36 - 4/(-18). Let u = -13 + i. Is f(u) prime?
True
Let d = 495 - 491. Suppose d*u - 5*v = 59588, 0 = -4*u + 7*v - 4*v + 59596. Is u a prime number?
False
Let a(j) = 8*j**2 + 24*j + 41. Suppose -2*u - 260 + 298 = 0. Is a(u) a composite number?
True
Let d = 2984 - -1209. Is d a composite number?
True
Suppose -2334901 = -31*g + 15612642. Is g prime?
False
Suppose 27*a - 4476 + 47325 = 0. Let b be (-4)/(-6) + 8009/(-3). Let t = a - b. Is t prime?
False
Suppose 5*l + 14*q - 23 = 13*q, -5*l + 5*q = -35. Suppose l*o - 2723 - 432 = 0. Is o a prime number?
True
Suppose 1375356 = 5*x - 3*n, 3*x - 3*n = -5*n + 825225. Is x prime?
False
Suppose -18*v - 41613 = -51*v. Let a = 28 + -20. Suppose -9*b + a*b = -v. Is b prime?
False
Suppose 8*w + 5*w - 39 = 0. Suppose p - 1 + 0 = 2*b, 0 = w*b + 4*p - 4. Suppose -3*j - 3*v = -b*v - 1443, -16 = 4*v. Is j prime?
False
Let j(b) = 54*b**2 + 48*b - 301. Is j(11) composite?
False
Suppose 4*r - 11 = -3*c + 3, 26 = 4*c - 2*r. Let i be ((-7)/(-56)*0)/(2 + -1). Suppose 6*p + c*p - 5628 = i. Is p a composite number?
True
Suppose 3*o = -4*u - 30, -19*u = -22*u + 4*o - 10. Is u - -1 - -10 - -682 a prime number?
False
Let q be 3*(-4 - -3) + -50. Let d = q + 58. Suppose 610 = d*h + c, -4*c = h - 0*c - 103. Is h prime?
False
Let j be (-2720)/(-64)*4/10. Suppose 14*o - 4*m = j*o - 6479, o + 2*m = 2159. Is o composite?
False
Let w(q) = -1687*q + 142. Let f(y) = -2*y. Let g(r) = 5*f(r) - w(r). Is g(3) composite?
False
Let d = -13465 - -4660. Let g = 12674 + d. Is g a composite number?
True
Let l = -297 - -297. Suppose 0*t + 13*t - 4017 = l. Is t prime?
False
Suppose 0 = -3*x, -2*l + x = -0*x - 4. Suppose 9*p = -l*p - 176. Let a(j) = -j**3 - 14*j**2 + 18*j + 15. Is a(p) a prime number?
True
Let p be (15/(-10))/(2 + (-67)/32). Suppose 24*f - 418920 = -p*f. Is f composite?
True
Let p(u) = -1028*u + 101. Let f(l) = 3082*l - 303. Let a(b) = -2*f(b) - 7*p(b). Is a(13) a composite number?
True
Let v = 131435 + -23928. Is v composite?
False
Suppose -40*z + 18 = -62. Suppose z*s = 5361 + 10411. Is s prime?
False
Let c be 2/(-11 + (-399)/(-35)). Let x = 2 + -2. Suppose -m + 2*q = -8569, c*q + x*q = -20. Is m prime?
False
Let y = 2729264 + -691087. Is y a prime number?
True
Suppose 22 = 5*m + y, -m + y - 3*y = 1. Suppose -m*v + 9214 = -3*v + 2*j, 5*v - 23055 = 5*j. Is v composite?
True
Suppose -10785 = -5*p + 5*u - 3*u, -p + 5*u = -2180. Let l = p + -1033. Suppose g = 7*g - l. Is g prime?
False
Suppose -3*j - 1935 = -5*m + 2*m, 0 = 2*j - 4*m + 1290. Let v = -316 - j. Suppose -6*u + 7*u = v. Is u a prime number?
False
Suppose -4*u + 21311 = 3*s - 196299, 0 = -4*u + 3*s + 217598. Is u a composite number?
False
Suppose -354*m + 14699674 = -20*m. Is m prime?
False
Let p(x) = -2*x**3 + 2*x**2 - 7*x - 10. Let t be p(-2). Suppose 19960 + 8208 = t*f. Is f a prime number?
False
Let l(q) be the first derivative of -29*q**2/2 + 16*q + 1. Suppose 109*v + 2296 = -156*v - 619. Is l(v) a composite number?
True
Suppose 132*t - 3127514 = 17456845 + 2771853. Is t a composite number?
True
Let t be (0*(4 - (7 + -4)))/1. Suppose -w - 2*y - 170 = 117, t = -3*w - 5*y - 858. Let r = w - -730. Is r composite?
False
Let f(r) = -15*r**2 - 13*r + 1. Let p(v) = 8*v**2 + 6*v - 1. Let j(o) = 6*f(o) + 13*p(o). Let s(q) = 13*q. Let m be s(-1). Is j(m) prime?
False
Suppose -9*l + 74 + 439 = 0. Let x = l + -84. Let h(n) = n**2 - 23*n - 5. Is h(x) composite?
True
Suppose 4*a - 7*p = -12*p + 268549, -5*p = -5*a + 335585. Is a composite?
True
Let w be (-105)/63 - 8086/(-6). Suppose -2*h - 1894 = -5*q, 2*q + 157 + 808 = -h. Let b = h + w. Is b composite?
False
Suppose -13943573 = -296*s + 81*s + 26919972. Is s a composite number?
False
Is (892649/29)/((-5)/(-75)*3) a composite number?
True
Suppose 0 = -4*w + 5*t + 26, 5*t + 1 = w - 13. Let i be -1 + 2/w + 5/10. Suppose -2 = -2*s, 3347 = -i*o + 3*o - 4*s. Is o a composite number?
False
Let p(z) = -1236*z + 13. Let q(t) = 7*t + 72. Let s be q(-11). Is p(s) a prime number?
False
Let p(w) = 1648*w**2 + 25*w + 164. Is p(13) a prime number?
True
Let d be -3 - (2 + 3 + 3*-4). Suppose -h - 4*m - d = 0, h + h + 2*m - 4 = 0. Suppose 0 = -t + 3*u + 916, -3*t + 3248 = h*u + 487. Is t a composite number?
False
Let a(m) = 119*m - 20. Suppose 2*p = -3*k + 43, -4*k = p - 20 - 9. Is a(p) a composite number?
False
Let n(t) = 99*t**2 - 2*t + 10. Let z = 92 - 84. Let l be n(z). Is (l/(-4))/(-3)*6/15 composite?
False
Suppose 17 - 173 = -6*q. Let a be (1059 + 1)/(27 - q). Is 0 + a + 5/5 a composite number?
False
Let h(v) = -v**3 + 20*v**2 + 42*v + 44. Let o be h(22). Suppose -14595 = -o*y - 21*y. Is y composite?
True
Let q(j) = -32511*j + 4736. Is q(-23) prime?
True
Let p = 79409 - -11906. Suppose 15*s + p = 22*s. Is s a prime number?
False
Let o(z) be the third derivative of 97*z**5/4 + z**4/24 - z**3/3 - 21*z**2. Let v be o(1). Let b = v - 781. Is b prime?
True
Suppose 6 = m - 3*d + 1, -2*m + 8 = -4*d. Suppose -2*n - 3*n = -10940. Suppose -m*c = 4*f - 1311 - 877, 4*f + 4*c - n = 0. Is f a composite number?
False
Let z = 394 - 376. Suppose -z*y = 15*y - 280599. Is y composite?
True
Let l(p) = -2*p + 3. Let n be l(11). Let j = n + 18. Let k(y) = -1253*y**3 - y**2 + 1. Is k(j) prime?
False
Let f(p) = 3*p - 14. Let l(x) = -x**2 - 2*x + 13. Let m(o) = -6*f(o) - 7*l(o). Let u be m(-8). Suppose -u - 7510 = -9*d. Is d a composite number?
False
Let p = 0 - -107. Suppose 3*h - 371 = -p. Suppose 0 = 2*u - 46 - h. Is u composite?
False
Suppose 3*f = -9, 4*f + 0*f = 3*i + 135. Let p = i - -47. Let w(r) = 54*r**2 - 5*r - 7. Is w(p) composite?
True
Let s = -84 - -87. Suppose s*t + 3*t + 36 = 0. Let l(b) = -103*b - 4. Is l(t) a prime number?
False
Let k(h) = -283*h**3 + h**2 - 2*h - 18. Let q be k(-6). Suppose 0 = -10*a - q + 171888. Is a a composite number?
True
Let x(n) = 1612*n**2 - 166*n + 2182. Is x(12) a composite number?
True
Suppose -5*a = 3*m + 3697 + 20064, 23763 = -3*m - 3*a. Let i = -5037 - m. Is i a composite number?
True
Let x = 122 + -118. Suppose -k + 60 = 4*d, -30 = -2*d - 8*k + x*k. Suppose 0 = 3*l + d, m + 0*m - 156 = -2*l. Is m a prime